+ 16898 = -815, i + 4*j = 17699. Is i composite?
False
Let t(z) = -z**3 - z**2 - z + 3647. Suppose -4*p + 8*p = -4*a + 12, -p + 3 = 0. Is t(a) a prime number?
False
Suppose -6984 = 5*o + 2*h - 17755, -2*h = 4*o - 8618. Is o prime?
True
Let w = -4120 + 11759. Is w a prime number?
True
Let n be 2 + -5 + 1 + -2. Let q = -7 - n. Is (-1 - q/4)*-508 a composite number?
False
Let s(i) = -1431*i - 24. Is s(-5) a prime number?
False
Suppose -14*t + 4230 = t. Suppose -6*v + 3504 = -t. Is v composite?
False
Is 10842/4 - 63/18 prime?
True
Suppose 1212 + 380 = 4*w. Suppose -5*h + g - 426 - 1512 = 0, -h - 5*g = w. Let d = h + 807. Is d a prime number?
True
Suppose 2*k + 604 = 2*f, 2*f + 5*k = 43 + 575. Suppose -f = -4*y + 3*l, y - 6*y + 3*l = -383. Is y a prime number?
True
Let p = -46 - -51. Suppose p*k - 3*r + 2*r = 901, -3*r = 4*k - 736. Is k a composite number?
False
Let v(k) = k**2 - 7*k - 3. Let t be v(8). Let j be ((t - 3) + -1)*0. Suppose -2*c = -0*c + 3*d - 407, -4*c + d + 849 = j. Is c prime?
True
Is (23/(-3) + 7)/((-2)/3513) prime?
True
Let d(a) be the third derivative of 5*a**4/8 + 7*a**3/6 + a**2. Is d(4) a prime number?
True
Suppose -4*b + 60200 = 4*g, 29 - 20 = 3*b. Is g a prime number?
False
Let o = 624 + 1187. Is o prime?
True
Let v(l) = -21*l**2 - 5*l - 7. Let o(n) = 19*n**2 + 5*n + 6. Let x(p) = 4*o(p) + 3*v(p). Is x(6) prime?
False
Suppose -3*a - 3*a = -30. Suppose a*r = k + 2*r - 215, -2*k + r + 440 = 0. Is k prime?
False
Suppose 4*j + 16 = 44. Suppose 277 = j*h - 2460. Is h a prime number?
False
Let q(t) = -646*t - 1. Let c be q(1). Let v = c - -1316. Is v prime?
False
Let m(x) = -55*x - 114. Let p(i) be the first derivative of -11*i**2/2 - 23*i + 10. Let z(v) = 2*m(v) - 11*p(v). Is z(18) prime?
True
Let c(p) = -20*p - 18. Let n be c(-15). Let a = 575 - n. Is a a composite number?
False
Suppose 3*p = 12, 0 = 4*g + 6*p - 4*p - 457492. Is g a composite number?
False
Suppose -28812 = -4*g - 8*g. Let b = g + -1616. Is b a composite number?
True
Let l(q) = q**3 - 15*q**2 + 11*q + 34. Let b be l(14). Is (-2)/(-8) + (-6278)/b prime?
False
Suppose -g + 1237 + 454 = 0. Is g a prime number?
False
Let o = -5396 - -2731. Let h = -1282 - o. Is h a prime number?
False
Suppose h - 4*h = -9. Suppose 3*l - l = -2*s + 668, 5*l - 1694 = h*s. Is l a prime number?
True
Let t(q) = 613*q**2 + 4*q - 14. Is t(2) composite?
True
Suppose -h + 1071 + 3277 = 0. Suppose -7*y = -11*y + h. Is y a prime number?
True
Let r = -190970 + 279939. Is r composite?
False
Suppose g - 4*l = 1036 + 22975, -47998 = -2*g + 2*l. Is g composite?
True
Suppose -5*k + 9140 = -71495. Is k a composite number?
False
Let j(n) = n**3 - n - 111. Let z be j(0). Suppose -5*k = u + 74, -u - 2*k - 70 - 4 = 0. Let q = u - z. Is q composite?
False
Let w(i) = -5*i**2 - 86*i + 45. Let x(l) = l**2 + 17*l - 9. Let p(u) = -2*w(u) - 11*x(u). Let m be p(-15). Suppose -t + 26 = -m. Is t a prime number?
False
Let h(w) = 2 - 1 + 53*w**2 - 2. Suppose -89*m + 8 = -93*m. Is h(m) a composite number?
False
Let o(l) = l**3 + 43*l**2 + 25*l - 10. Is o(-23) prime?
False
Suppose -830 = 6*w - 8402. Is 2*3*w/4 a composite number?
True
Is (2513/(-28))/(2/(4 - 92)) prime?
False
Let q be ((-68325)/(-21))/5 + 4/14. Suppose 4*t - 16 = 0, -q = -b - 6*t + t. Is b a composite number?
False
Let m(o) = o**3 - 3*o**2 - 11*o + 6. Let y be m(7). Suppose -y*u + 130*u = 1015. Is u prime?
False
Let k(w) be the third derivative of w**5/20 + w**4/3 + w**3 - 3*w**2 + 12*w. Suppose 2*o - 23 + 8 = -l, 2*o + 30 = 4*l. Is k(l) a prime number?
False
Suppose -b + 5255 = 2*f - 4*b, -b - 13144 = -5*f. Suppose -n + 509 = -5*i, 3*i + i + f = 5*n. Is n a prime number?
False
Let l be (-2)/5 + 128/20. Suppose -3*s - 35 - 34 = -g, -3*s = -l. Let u = g - 44. Is u composite?
False
Suppose z - 31 = -5*o, 0 = -3*o - 0*z - 3*z + 9. Is ((-8)/(-28) - (-915)/o) + 0 a prime number?
True
Let w be (-1)/(-2) + (-1081)/(-2). Let g = 1324 + w. Suppose 0 = 6*h - h - g. Is h a composite number?
False
Suppose -4*s + 8*s = 3592. Suppose -6*p + s = -4*p. Is p a composite number?
False
Suppose 3*b - 5*s = 138, 0 = -4*b + 6*s - 11*s + 219. Suppose -7*y + 4*y = -b. Suppose 1676 = 21*r - y*r. Is r a prime number?
True
Suppose 3*i - t + 6*t - 31639 = 0, -4*i + 42200 = 3*t. Is i composite?
True
Suppose 12*y = 8*y + 20. Is (1570/25)/(1/y) composite?
True
Suppose r - 4*r + 4*x = -44, 0 = -2*r - 3*x + 1. Let s = r - 8. Suppose -3*k = -s*k - 6. Is k a prime number?
True
Let y(g) = 2*g - 12. Let u be y(6). Suppose 5*b + 4*s - 12 = u, -3*b - 1 = 3*s - 7. Suppose b*h - 1085 = 191. Is h a prime number?
False
Let q(c) = 13*c + 255. Let j(y) = 3*y + 64. Let s(t) = 9*j(t) - 2*q(t). Is s(-11) prime?
False
Let o(q) = -q**3 + 591. Suppose -5*m = -4 - 6, -4*b + 10 = 5*m. Is o(b) prime?
False
Suppose 49 = -5*x + j + 13, -5*x - 37 = -2*j. Let m = x - -11. Suppose m*f = -i - 0 + 11, 0 = 2*i - 2*f - 22. Is i composite?
False
Let u(q) = -80*q**3 + 2*q**2 + 6*q + 13. Is u(-3) composite?
True
Let m = 24351 + -6988. Is m composite?
True
Let l = 32 - 29. Suppose 314 = 4*p + l*v, v = -0*v + 2. Is p a composite number?
True
Is (2 + -1951)*(-14 + 11 + -4) composite?
True
Let a = 14 + -9. Suppose a*f - 4*p = -15, 3*p = -2*f + p + 12. Let o(t) = 18*t**3 + 2*t - 1. Is o(f) prime?
True
Suppose -5*w - 5*d + 602 = -3*w, 0 = 3*w + 2*d - 925. Is w a prime number?
True
Suppose z + 0*z = 2221. Suppose -z = -5*v + 984. Is v a prime number?
True
Is (-13)/52 - 791665/(-20) prime?
False
Let i = 9 + -6. Suppose -5*a + 9 = -2*a. Suppose t = -i*t - 2*p + 2018, 2522 = 5*t + a*p. Is t prime?
False
Let q be ((-3)/(-1) - (5 + -3))*2. Suppose 22074 = 3*u - 3*d, 14719 = q*u + 4*d - 7*d. Is u a composite number?
True
Let b(r) = -r**3 - 10*r**2 - 3*r + 10. Let l be b(-10). Let o = -35 + l. Let m(f) = -f**3 + 7*f**2 - 5*f + 6. Is m(o) a composite number?
False
Let q be 656/(-12) + (-1)/3. Let b = 280 - q. Is b a prime number?
False
Suppose 6*f - 2*f - 652 = 0. Let w = f + 96. Is w composite?
True
Suppose 2*z - 2*i = 3*i + 6, -18 = 5*z + 4*i. Let k be ((-1)/z)/(2/6352). Suppose k = 7*y - 3*y. Is y a composite number?
False
Let s = 66641 - 45792. Is s composite?
False
Let d be 8/2 - (-1 + 1). Suppose -d = -y - 0*y. Is y a composite number?
True
Let a = 293 + 317. Suppose -k + a = 2*z, 3*z - k = 2*z + 299. Is z composite?
True
Let f(v) = v**2 - v + 1. Let k(n) = -9*n**2 + 6*n - 12. Let q(m) = 8*m**2 - 7*m + 12. Let w(r) = 3*k(r) + 4*q(r). Let l(g) = -3*f(g) + w(g). Is l(7) composite?
True
Let w(x) = x**2 + 6. Let t be w(5). Suppose -2 + 3 = -d, 3*z + t = 2*d. Let b(q) = -q**3 - 12*q**2 - 16*q + 3. Is b(z) prime?
False
Let v be (8/(-10))/((-3)/(-15)). Let b(i) = -i**3 - 5*i**2 - 5*i + 1. Let y be b(v). Suppose y*g = -134 + 1669. Is g prime?
True
Suppose -5*k - 8*k + 6331 = 0. Is k composite?
False
Let g = -6 + 8. Let d(q) = 3*q**2 - 12*q + 28. Let t be d(-11). Suppose -141 + t = g*c. Is c a prime number?
True
Let j = 4625 - 1782. Is j a prime number?
True
Is (3974/(-6))/((-31)/186) composite?
True
Let p(a) = -a**2 - 2*a + 1. Let x be p(-3). Let g = 0 - x. Is -724*((-7)/(-4) - g) a prime number?
True
Suppose -v + n + 38906 = -3*n, -4*v = -4*n - 155588. Is v a composite number?
True
Let y(f) = -2363*f + 148. Is y(-9) a composite number?
True
Let a = -8 - -8. Let k be (-3)/(-5) - 26/10. Is k*(-1 - a) + 409 prime?
False
Suppose 0 = -4*l + y + 844, 2*y = l + 2*l - 628. Let x = -268 + 272. Suppose 2*r + 265 = q + 4*q, -4*q - x*r + l = 0. Is q a composite number?
False
Suppose -3*f = 2*l - 13, 3*l - 3*f + 5 = l. Is 15/25*(-705)/(-3) - l prime?
True
Let m = -121 - -120. Let t(h) = -10366*h**3 - h. Is t(m) composite?
True
Is 3154/20*4 - (-64)/320 a composite number?
False
Suppose -2*k = 3*g + 9, 3*g = 5*k - 0*k - 9. Suppose 3*i - 169 - 116 = k. Is i a composite number?
True
Suppose 7*u = 12*u - 4*y - 6275, 0 = 2*u + 3*y - 2533. Is u composite?
False
Suppose -270 = 47*w - 42*w. Is w/(-126) + 37864/14 a composite number?
True
Let h = -56 + 80. Is 3/4*32/h - -690 a composite number?
False
Suppose 0 = 14*p - 15*p + 25495. Is p composite?
True
Let f be 0/(6/(-2) - 0). Suppose -936 + 6492 = 4*a - 4*h, -a - 4*h + 1409 = f. Is a a composite number?
True
Suppose c - 10 = 6*c, 5*g - 6214 = -3*c. Let d = -824 + g. Suppose 5*j = 5*b - 0*b + d, -3